be r(-16). Is y/(-27) + -4*(-28154)/12 a prime number?
False
Suppose 225*y + 240 = 230*y. Suppose -o + 72 = -3*o. Is y/o*(-6159)/4 a composite number?
False
Let o = 357861 + -169460. Is o prime?
True
Let b(d) = -2277*d + 1499. Is b(-8) a composite number?
True
Suppose -10*i + 2024385 + 2813945 = 0. Is i a prime number?
False
Let j be ((-28)/(-16))/((-4)/64). Let v = -91 - j. Is (6 + v)*(-131)/3 a prime number?
False
Let z = -19132 - -149219. Is z a prime number?
True
Let j(m) be the second derivative of -m**5/20 + 23*m**4/12 + 13*m**3/6 - 5*m**2 + 2*m + 14. Is j(21) prime?
False
Let h(f) = 71*f**3 - 14*f**2 + 36*f - 458. Is h(13) prime?
False
Suppose 10*k - 335019 = 1244951. Is k a prime number?
False
Let r(l) be the third derivative of 0*l**4 + 899/6*l**3 + 0 - 1/120*l**6 + 0*l - 14*l**2 - 1/30*l**5. Is r(0) a composite number?
True
Let m = -171 + 196. Suppose -12198 = m*h - 74773. Is h a composite number?
False
Let b(z) = 32*z**2 - 72*z - 99. Is b(26) composite?
False
Suppose -4*c - h = -c + 29207, c = -h - 9739. Let b be 5/(-10) + c/4. Let t = 4301 + b. Is t a prime number?
True
Let h = -60056 + 95205. Is h prime?
True
Suppose n + 35 = 4*a, 0*n - 4 = -4*n. Suppose a*k - 5*k = 1292. Is k prime?
False
Suppose -4*n - 2*t = -45870, -74*t + 11466 = n - 75*t. Is n a prime number?
True
Let i(o) = 483*o**2 - 26*o + 3. Let v(f) = -724*f**2 + 38*f - 5. Let j(r) = -7*i(r) - 5*v(r). Is j(5) a composite number?
False
Let f = 169 - 165. Let a be (2 - (1 - 0)) + 12003. Suppose -a = -f*s - 1936. Is s prime?
False
Let w(o) = -o**3 + 6*o**2 + o - 9. Let j be w(6). Let d be 0/((0 - -2)/(j + 1)). Suppose -2*m + 4536 = g - 3*g, d = -2*m - g + 4539. Is m composite?
False
Let v(y) be the second derivative of 16*y**4/3 - 3*y**3/2 - 12*y**2 + 5*y. Let j be v(-11). Suppose -4*w + j = 3*w. Is w a composite number?
False
Is (954511 + (-255)/(-17))/2 composite?
True
Suppose -2*i = -4*d + 2*d + 1098798, 3*d - 4*i - 1648202 = 0. Is d a composite number?
True
Let q(h) = 399*h - 162. Let b be q(15). Suppose -k + 3295 = 2*u, b = -5*k + 5*u + 22328. Is k a composite number?
False
Suppose w - 80056 = 5*j, 0 = 5*w + 2*j - j - 400176. Suppose -4*n - 5*d + 17432 = -62602, 4*n = -4*d + w. Is n composite?
False
Let t be (-7)/2 + 2 - 109178/4. Let g = -14635 - t. Is g prime?
False
Let y = 708 - 708. Suppose 3*l - 7120 - 1127 = y. Is l prime?
True
Suppose -3976 = -4*a + 4*o - 2*o, -2*a - 4*o = -1998. Let s = -300 + a. Is s a composite number?
True
Let m = -91 + 103. Suppose m = x + 9. Suppose -3 = x*z, -126 = -5*h - 7*z + 3*z. Is h prime?
False
Let r = 6226 + -3815. Is r a composite number?
False
Suppose -5*z = 5*d - 24625 + 9500, -3*d + 9027 = -5*z. Is d prime?
True
Let m = 968672 + -522483. Is m composite?
False
Let v(j) = 3*j**3 - 20*j**2 + 11*j + 7. Let y = -74 - -104. Suppose 36 = -26*i + y*i. Is v(i) a composite number?
False
Suppose -456 = 22*f - 10708. Let v = f - -453. Is v a prime number?
True
Suppose 5*j = 3*r + 387, -8*j - 237 = -11*j - 3*r. Is 2 - 168/j - (-18111)/13 composite?
True
Let z = 36368 - 24813. Is z composite?
True
Let i be (-11 - -21)*(-1)/(-1). Is (-38994)/(-15) - i/(350/21) prime?
False
Let x(b) = -19993*b + 3484. Is x(-9) composite?
True
Let z = 227246 - -69491. Is z composite?
True
Suppose i + 9 = -4*m, -4*m = -5*m - 5*i - 7. Let v = 62 + 1. Is (m - v)*(-1 - 1)/2 composite?
True
Suppose -5*q - 2*b = -3*q - 98, -5*q + 2*b = -245. Suppose 5*t - 11 = q. Is ((32/t)/(-4))/(2/(-1407)) composite?
True
Suppose 3*k - 4*i - 165 = 0, -4*k - i - 2*i = -195. Suppose k*b = 46*b + 41645. Is b composite?
False
Let n = 279 - 277. Is ((48/18)/4)/(n/15621) prime?
False
Suppose 202 + 28 = 10*i. Let d(f) = 1513*f + 192. Is d(i) prime?
False
Let b be -114*(3 - (-177)/(-9)). Let n be (11/22)/(2/12). Is (n/(-6))/(3 - b/632) composite?
False
Let r(d) = -3*d + 15*d - 629*d**3 + 13*d**2 + 627*d**3 + 19. Let c be r(-8). Suppose c - 227 = 4*v - 2*f, -5*f = 2*v - 788. Is v prime?
True
Let h(g) = 596*g**2 - 7*g - 3. Let k be h(3). Let r = k - 1993. Is r a composite number?
False
Let r = 29 + -24. Suppose 2185 - 134 = 2*p - r*t, -2*t - 3049 = -3*p. Suppose 0 = 2*j - p - 1325. Is j composite?
True
Let y be (-45)/63*-7 + -11777. Let t = y - -27263. Is t a prime number?
False
Suppose -3730850 + 791348 = -74*h. Is h prime?
False
Let g = 269561 - 46620. Is g a prime number?
True
Suppose 135674 = 2*x - 18*h + 22*h, 4*h - 271360 = -4*x. Is x composite?
False
Suppose -13 + 7 = -3*v. Suppose -n + 577 = v*a - 300, n - 897 = 2*a. Let i = n - -162. Is i a composite number?
False
Let d(y) = 1520*y - 1887. Is d(32) a prime number?
False
Is (0 + (-3)/6)/(10*(-2)/13740520) a composite number?
True
Let y(v) = -229*v**3 - 4*v**2 - 5*v + 1. Is y(-3) a composite number?
False
Let x(l) = 85*l**2 + 38*l - 127. Is x(40) a composite number?
False
Suppose 0*a + a = 5*c - 22, 0 = -4*c - a + 14. Suppose -5 + 13 = c*f. Is (-4 - -1188 - -2)/f a prime number?
True
Let a = -3104326 + 5304039. Is a a prime number?
False
Let y(u) = 598*u**3 + 23*u**2 - 117*u + 175. Is y(13) a prime number?
True
Suppose -m - 4*w + 7*w + 4036 = 0, 4*w = 0. Let t = m - -793. Is t a composite number?
True
Let c = 116018 - 21505. Is c a composite number?
False
Is 0 + -2 + (-112140)/(-140) prime?
False
Let z = -107 + 110. Suppose 5*n = 9*n + z*y - 5472, -3*y - 6867 = -5*n. Is n composite?
True
Let x = 307380 - 115897. Is x composite?
True
Let j(x) = 5 + 264*x - 623*x - 821*x. Let m be j(-5). Is (5/(100/m))/(2/8) a composite number?
False
Let z(q) = 42*q - 147. Let s be z(4). Is -3*(4 + (-29491)/s) a composite number?
False
Let q = 79 - 76. Suppose -m + 39 = 5*g + 12, 0 = 2*m + q*g - 19. Is (-6263)/(-7) - (0 + m/(-7)) prime?
False
Suppose 4*n + 1238135 = 3*v, -2*v = 35*n - 38*n - 825421. Is v composite?
True
Let a = -29 + 50. Let w be 0 - (-1122)/(-14) - (-3)/a. Let n = -78 - w. Is n composite?
False
Let p = 64734 - 40573. Is p a composite number?
True
Suppose 41 + 5076 = 17*j. Suppose 297*f + 98444 = j*f. Is f composite?
False
Let h = 2874 + -1863. Suppose -h = -4*g - 63. Is g a prime number?
False
Suppose 727 = 3*k - 221. Let j be (4/5)/((-84)/(-70) - 1). Suppose 2*a + k = j*a. Is a a composite number?
True
Let y = -12711 - -98948. Suppose 23*k + 20296 - y = 0. Is k a prime number?
False
Suppose 3*h + 5*b = 2017598, -5*h + 113*b = 111*b - 3362591. Is h a composite number?
False
Suppose 11*s - 3*q = 16*s - 628043, -3*q + 125599 = s. Is s prime?
False
Let w = 5015 + 608. Is w a composite number?
False
Let l = -5243 - -8278. Suppose 0 = -36*n + 32*n + 2*r + 4032, 3*n - l = -4*r. Is n a prime number?
True
Let k(p) = 149*p + 155*p + 7 - 128*p + 197*p. Is k(10) composite?
True
Let i be 10 + -13 + (2 - (-1 - 1765)). Suppose -2 = -2*r + 2, -3*r = x - i. Is x a composite number?
False
Suppose 5*t = 5*c, 4*c = -3*t + 6*t + 1. Is 3908*t - 84/12 composite?
True
Suppose 5*k = 3*k - 5*a - 73, 0 = -3*k + a - 67. Let j be k/(-30)*(0 - 90/(-4)). Is (-2434)/3*(-27)/j a composite number?
False
Let q = -206 - -681. Suppose -5*v = -2*n + 141 + 71, 8 = -2*n. Let r = v + q. Is r a composite number?
False
Let s = 4 + -2. Let o(m) be the second derivative of 22*m**3/3 - 3*m**2 + 53*m. Is o(s) composite?
True
Is ((-16)/32)/((-6)/218580) a composite number?
True
Suppose -2*k + 933734 = 39*j - 35*j, -5*k + 2334257 = -3*j. Is k a prime number?
False
Suppose 668 + 277 = 9*n. Let v(g) = -10*g + 107*g + 5 + n*g. Is v(8) a prime number?
True
Let b = -255 + 255. Suppose -4*c - 4338 - 4432 = -2*f, 5*f - 5*c - 21940 = b. Is f composite?
False
Let n(l) = -l**3 + 8*l**2 - 6*l - 4. Let q be n(7). Suppose 0 = -o - q*o - 2*o. Suppose b - 1586 + 543 = o. Is b prime?
False
Let p(d) = 943*d + 24. Let c be p(-8). Let b be (1/2)/(4/c). Is 1 + b/(4 + -5) a composite number?
False
Suppose -51157 - 15550 = -21*x + 48940. Is x a prime number?
True
Let p(y) = -71*y**3 - 49*y**2 + 5*y - 36. Is p(-7) prime?
True
Suppose 5*o = -5*n - 139005, -5*n + 3*o = -n + 111183. Is (-2 + -2)*(n/24 + 3) composite?
False
Is (16/(-5))/(110/(-275)) - -288959 prime?
False
Let s(f) be the second derivative of 221*f**3/6 + 25*f**2/2 - 19*f. Let x be s(11). Suppose -10*n + 14*n = x. Is n composite?
True
Let h(b) = -4*b**3 + 43*b**2 + 3*b - 11. Let f(g) = -g**2. Let i(t) = -2*f(t) - h(t). Is i(13) a composit